. Let g(y) = -8*h(y) + 3*s(y). Let z be g(-2). What is the highest common factor of 21 and z?
7
Suppose q = -484 + 85. Let j = q - -406. Calculate the highest common divisor of j and 119.
7
Let s be 15*((-594)/27 - -23). Calculate the highest common divisor of s and 8985.
15
Let w be (-2 - (-49)/(-14) - -8)*326. Calculate the greatest common divisor of 65 and w.
5
Let a = 20823 + -20799. Suppose d - 57 = 47. Calculate the greatest common divisor of d and a.
8
Suppose o = -163*h + 158*h + 1160, -2*o + 2242 = -3*h. Calculate the highest common factor of o and 160.
10
Suppose -v + 48 = 2*v + 45. Calculate the highest common divisor of 927 and v.
1
Suppose 4*s + 1888 = 5*v - 1145, v + 5*s = 624. Let w be -7 + v/24 + (-3)/8. What is the highest common factor of w and 225?
9
Suppose -2*m - 47 = -4*v + 69, m = -v + 32. Let j(n) = -n**2 + 39*n - 195. Let z be j(v). What is the greatest common factor of 200 and z?
25
Let m(s) = 16*s**2 - 24*s - 7. Let q be m(2). Let n be 12*(318/8 - 0). Calculate the highest common factor of n and q.
9
Suppose -4*b + 959 - 849 = 5*j, -2*b + 88 = -3*j. What is the highest common divisor of 497 and b?
7
Suppose 5*d = -0*d - 15, -3*v + 573 = -2*d. Let r(b) = 8*b + 181. Let g be r(-20). What is the greatest common factor of v and g?
21
Let k = -36 + 46. Suppose 0 = k*d + 11 + 19. Let v be -27*(-1 - 2/d). Calculate the highest common divisor of 81 and v.
9
Suppose -281 = -3*l + 574. Suppose 52*g + 56 + 1487 = 295. Let s be (g/(-20))/(6/l). What is the highest common factor of s and 38?
19
Suppose -4735*h - 341784 = -4876*h. Calculate the greatest common factor of h and 32.
8
Suppose 4*s = -4 + 36. Suppose 107 = 4*j - 25. Let w be 6/j + (-260)/(-22) + 0. Calculate the highest common factor of w and s.
4
Suppose -9 = -2*r + 3*z, 5*z - 49 = -2*r - 0*z. Suppose 8*a + 2 + 22 = 0. Let g be (-21)/28 + (-270)/(-8) + a. Calculate the highest common divisor of g and r.
6
Let w(y) = -4*y - 11. Let k be (0 + 2)/(8/(-20)). Let o be w(k). Let l(z) = 2*z**2 - 9*z - 11. Let m be l(o). What is the greatest common factor of 28 and m?
14
Let c = 119 - 96. Let d(l) = 35 + 18 - 2*l - 2*l**3 - c + 2*l**2 + 3*l**3. Let m be d(0). What is the highest common factor of m and 270?
30
Let i = -428 + 963. Suppose 533*s - i*s + 16 = 0. Calculate the greatest common divisor of 336 and s.
8
Suppose 4 = -a, 2*r + 5*a + 38 = 4*r. Calculate the highest common divisor of r and 5193.
9
Let q be 1530/(-40) - (-3)/(-4). Let s = -43 - q. Let o(m) = -m**3 + 3*m**2 + 8*m - 4. Let y be o(s). What is the highest common divisor of 114 and y?
38
Let s = 6604 + -127. What is the greatest common divisor of s and 51?
51
Let u = -33 + 133. Let p be (-2)/(-4)*(43 + 2 + 5). Calculate the highest common factor of p and u.
25
Suppose 4 = -0*l + 2*l. Let g(q) = -2*q + 3. Let m be g(l). Let j(v) = -48*v + 3. Let r be j(m). Calculate the greatest common divisor of 34 and r.
17
Suppose 0 = -43*q + 36*q + 7. Let t be (-3 - -44)/((-10)/(-60)) + q. What is the greatest common factor of 38 and t?
19
Let p = -4556 - -9036. Calculate the highest common divisor of p and 16.
16
Let z(g) = -g**2 - 74*g + 2299. Let p be z(-97). What is the highest common divisor of p and 17119?
17
Suppose -4*i - j + 11 = -57, -2*i - 3*j + 44 = 0. Suppose -i = -5*p + 9. Let t be ((-112)/(-80))/(6/p + -1). What is the highest common factor of 21 and t?
7
Suppose -4*b = -5*a + 58, -a = 2*b - b - 8. What is the highest common divisor of a and 340?
10
Let x = -1076 + 13947. What is the greatest common divisor of x and 61?
61
Let j be (3710/(-424))/((-1)/20). Calculate the greatest common factor of 7665 and j.
35
Let r(d) be the first derivative of -25/4*d**4 + 1/2*d**2 + 8 + 2*d + 2/3*d**3. Let c be r(-2). Calculate the highest common factor of c and 26.
26
Let y(r) = -7*r**2 - 458*r - 190. Let c be y(-65). What is the greatest common factor of c and 995?
5
Let u be -3*(3/(-6) + 5/(-10)). Suppose 0 = 3*j + u. Let f be 1*(-2 - j) + 2*7. What is the highest common divisor of 65 and f?
13
Let g be 1/(9/2) - 7395/(-135). Let h(t) = 6*t + 4 + 26*t**2 - t**3 + 30*t**2 - g*t**2 + 6. Let i be h(-5). What is the greatest common divisor of 10 and i?
10
Suppose 4*r = p - 10, -30*r - 4*p = -26*r + 20. Let a(s) = -66*s + 47. Let v be a(r). Calculate the highest common factor of v and 147.
49
Let q(y) = -2*y**2 - 4*y + 71. Let t be q(5). Calculate the greatest common factor of 617 and t.
1
Let d be (3 - 118/10) + (-11)/55. Let z be (d + -1)/(56/(-1232)). Calculate the greatest common divisor of z and 132.
44
Let h(l) = 5*l**2 - 41*l + 192. Let u be h(5). Suppose 3*g - 4*g = b - 7, -b = 2*g - 12. Suppose -t = -18 + b. Calculate the greatest common factor of t and u.
16
Let z(r) = 2*r**3 - 21*r**2 + 12*r - 13. Let u be z(10). Suppose -3*f = u*f - 220. What is the highest common divisor of 88 and f?
22
Suppose w - 2*w + 5 = 0. Let t be 3/(-6)*((-3)/3 + 489). Let u = t + 284. What is the greatest common divisor of u and w?
5
Let b(i) = i**3 + 7*i**2 - 17*i + 9. Let u be b(-9). Suppose m - 6*r + 43 = -r, -r = u. Let o = 55 + m. What is the greatest common divisor of o and 42?
6
Let f(x) = 21*x - 235. Let u be f(12). What is the greatest common factor of u and 5389?
17
Suppose 11227*m - 12450 = 11177*m. Calculate the greatest common factor of 5893 and m.
83
Let o(i) = i**3 - 6*i**2 + 8*i + 1. Let c be o(6). Let b = -45 + c. Let w be 11/((-5)/(-20)*b). Calculate the greatest common divisor of w and 44.
11
Suppose -5*c = 3*z - 60 - 92, 35 = c - 4*z. Suppose -4*v - 5*u + 83 = 0, -3*v + 5*u = -c - 40. What is the greatest common factor of 6 and v?
2
Let r(v) = -429*v + 5160. Let a be r(12). What is the greatest common divisor of a and 524?
4
Let v(y) = 2*y - 23. Let x be v(9). Let n(h) = h**2 - 6. Let u be n(x). Suppose -u - 35 = -6*g. What is the highest common divisor of 27 and g?
9
Let v = 11418 - -15081. Calculate the greatest common divisor of v and 33.
33
Let i(y) = -y**3 - 20*y**2 + 10*y + 346. Let j be i(-20). What is the greatest common divisor of 26 and j?
2
Let n(x) = x**2 + 4*x + 3. Let o be n(-4). Let c = 462 + -460. Suppose 0 = -5*h + 10, -l + o*l - c*h = 20. Calculate the greatest common factor of 36 and l.
12
Suppose 2*r = -5 + 13. Suppose -4*w - 12 = -r*k - 3*w, 3*w = 0. Suppose 0*u - k*i - 63 = -2*u, 3*i - 153 = -4*u. What is the highest common divisor of u and 24?
12
Let w be (-279)/(-124)*(-400)/(-6). Calculate the highest common factor of w and 1230.
30
Let t be ((-1155)/20 + 0)/((-2)/40). Suppose -17*y + 12*y = -t. Suppose 4*u + 180 = 4*x, 5*x - 3*u + 14 = y. Calculate the highest common divisor of 205 and x.
41
Let k = 3561 + -1611. Calculate the highest common divisor of 65 and k.
65
Let c = 76 - -8. Let x be (4/14)/(39/91)*c. What is the greatest common factor of 8 and x?
8
Suppose -248*k + 115*k = -119*k - 2800. What is the highest common factor of 120 and k?
40
Suppose 3*k = -2*m + 73440, 122475 = 68*k - 63*k - 5*m. What is the highest common factor of k and 77?
77
Suppose 28*d + 3768 - 52908 = 0. Calculate the highest common divisor of d and 195.
195
Suppose -5*u - 18 = 4*r, -3*r + 0*r - 10 = 2*u. Let h = u + 41. What is the highest common factor of h and 234?
39
Suppose -4*x + 588 = 15*x - 5*x. What is the highest common factor of 1778 and x?
14
Let b be (6/4)/((-3)/(-12)). Suppose -4*m + 250 = -v, 3*v - 2*v + 2 = 0. Let g = m + -50. Calculate the greatest common factor of g and b.
6
Let c be 1/(10/236) - (-26)/65. Let w = c - 9. Suppose 83 + 7 = 2*r. What is the highest common divisor of r and w?
15
Let k be (-4980)/(-8)*(-16)/(-20). What is the highest common factor of 132 and k?
6
Suppose -32*b = 1 - 97. Suppose -5*r = -5*j - 660, -2*j + 32 + 364 = b*r. What is the highest common divisor of 462 and r?
66
Suppose -4*m - w = -101, 0 = 2*m - 4*w + 2*w - 48. Suppose 0 = -90*n + 124*n - 6800. Calculate the greatest common divisor of n and m.
25
Let n be 18/108 - (-3)/(-36)*-1*898. Calculate the greatest common divisor of 30 and n.
15
Let g = 936 + -559. Suppose 145 = 6*y - g. Let f = 92 - y. What is the highest common factor of 10 and f?
5
Let m be (6264/(-360))/(3/(-1515)). Calculate the highest common divisor of m and 909.
303
Let u = 816 + -494. Let a(m) = 2253*m + 24829. Let f be a(-11). What is the 